2910 = 0. Suppose f = 3*t + 2*t. Is t prime?
False
Let t(i) = 59*i + 1. Let b(p) = 3*p**2 - 1. Let n = -24 - -25. Let h be b(n). Is t(h) composite?
True
Let z(i) = 45*i - 2. Let u(o) = 4816*o - 215. Let q(l) = 2*u(l) - 215*z(l). Is q(-7) a composite number?
True
Suppose 6*n = n + 85. Suppose z = -c + 5*z + 17, -4*c - z = n. Let y = c - -13. Is y prime?
False
Let i(l) be the first derivative of 20*l**3/3 + 3*l**2 + 3*l + 9. Is i(-4) composite?
True
Suppose 2*k - 12*k + 30 = 0. Suppose 3*x - 1147 = t - 5*t, -855 = -k*t - 4*x. Is t a composite number?
True
Is (-2179)/((-66)/(-420) - 9/30) prime?
False
Suppose -4*d + 23 = 5*l, -2*d - 2*l = -5 - 5. Let m = d + 15. Suppose 0 = 4*s + 4*h - 192, s - 3*h = -m + 85. Is s a prime number?
True
Suppose 4*c - 83863 = -i, -158567 = -3*i + 3*c + 93037. Is i a composite number?
True
Let l be 128/(-48)*(3/(-4))/1. Suppose -l*f + 584 = -374. Is f prime?
True
Suppose -3*p = 5*w - 3, -2*w - 5*p = -6*p + 1. Let m(j) = -j**2 - 4*j + 28. Let c be m(-7). Suppose w = c*q - 2501 - 68. Is q a prime number?
True
Let w be ((-146)/8)/((-4)/16). Suppose 5*x + w + 77 = 0. Let h = x - -67. Is h composite?
False
Is 1 + (-5483)/(-2) + 8/16 a prime number?
False
Suppose -r - 2*j = -9, r = 3*j - 8*j + 15. Suppose r*x = 21 + 24. Is 807/x - (-4)/(-6) a composite number?
False
Let m(r) = -206*r**2 - 3*r. Let a(i) = -i**2 + i - 1. Let y(t) = -3*a(t) - m(t). Is y(2) prime?
True
Let k(m) = -3*m**3 + 28*m**2 + 8*m + 4. Is k(-11) prime?
True
Let b(k) = k - 1. Let d(z) = z + 489. Let o(x) = 2*b(x) + d(x). Is o(0) a prime number?
True
Is (-2743 + 0)*(-25 - -24) composite?
True
Suppose s + 1 = 0, -673 = -o + 5*s + 2553. Is o a composite number?
False
Let k(n) = -123*n + 72. Is k(-13) prime?
False
Let n = -6 - -9. Suppose -4*q - s = -1, q + n*s = 2 + 12. Is (0 - q)/(2/154) prime?
False
Let h(y) = 234*y**2 + 3*y + 39. Is h(10) a composite number?
True
Suppose 0*z + 448 = 3*z - o, 4*o = -5*z + 741. Is z a composite number?
False
Is 20775 - -8 - 0/(-4) prime?
False
Suppose -8*g = 22130 - 459066. Is g a composite number?
False
Suppose -4*l + 206 = 2. Suppose -l - 1950 = -3*b. Is b composite?
True
Let m(s) = 12*s + 37. Let t be m(17). Suppose 2*u + t = -3*j + 2230, 990 = u - 3*j. Is u composite?
True
Suppose -h + 2 = -z - 4, h = -2*z + 9. Is 5169/h + 72/126 a prime number?
True
Suppose -2*g + 113 = -4*l - 297, 0 = -3*g - 3*l + 606. Is g composite?
True
Let o(w) = -7*w**2 - 204*w**3 + 9*w**2 - 4*w**2 - w + 26*w**3. Is o(-1) prime?
False
Let p(h) = h**2 - 4*h. Let o be p(5). Let i be (-7160)/(-25) + (-2)/o. Let c = -195 + i. Is c prime?
False
Is 16/56 + (-3)/(42/(-25154)) composite?
True
Let b = 18 - 29. Let d(o) = 19*o. Let m be d(-3). Let k = b - m. Is k a composite number?
True
Let l = 2 + 0. Let g = 72 - -134. Suppose g = l*i - 48. Is i a prime number?
True
Let m = 8019 + -3956. Let q be 2*1*1 - (-10 - -13). Is q*4 - m/(-17) a prime number?
False
Suppose 0 = -q + 442 + 1577. Suppose -31*w + 34*w - q = 0. Is w a composite number?
False
Suppose 18693 = 3*j + 2*f, 8081 = 4*j - 2*f - 16829. Suppose j - 1149 = 8*w. Is w a composite number?
True
Let d = 92 + -143. Let r = -29 - d. Let v = r - -15. Is v a prime number?
True
Suppose -5*u = 8 + 82. Let m be ((-6)/4)/(u/(-7152)). Is (m/(-12))/(2/6) a prime number?
True
Suppose 4*l = -2*z + 3756, -15*z + 4713 = 5*l - 17*z. Is l a composite number?
False
Let x = 551 + 2836. Is x a prime number?
False
Let z(n) = 526*n + 1. Let s be z(-7). Let d = 7026 + s. Is (3/(-9))/((-1)/d) a prime number?
False
Let j = 5 + 0. Suppose 3*h + 3 = -5*s, -2*h - 3*s + j = -2*s. Suppose -h*y = -413 + 57. Is y a composite number?
False
Let v = 26623 + -14832. Is v a composite number?
True
Is ((-1143556)/102)/((-4)/6 - 0) prime?
False
Suppose -4*o = 2*h - 3918 + 236, 916 = o - 4*h. Is o - (-1 - (-3 + 3)) a composite number?
True
Let g be -1*(-50 - (2 - 5)). Suppose -h + 128 = 3*h. Suppose -5*n + g = -s, -2*n + 4*s = -h + 6. Is n a prime number?
False
Let s(o) = 179*o + 24. Suppose -5*p + 6*g - 4*g + 43 = 0, -3*p = -2*g - 29. Is s(p) a prime number?
True
Suppose -5*n = 3*o - 2609 - 3515, 5*o - 10145 = 4*n. Is o a prime number?
False
Suppose -276226 - 159804 = -14*p. Is p a prime number?
False
Let p = 3216 + -58. Is p composite?
True
Suppose 0 = -5*i + 6*i - 5. Suppose -5*s + 16 = -u, i*s - 28 = -2*u - 0*u. Suppose u*y - 4*z = 1376, -1081 - 310 = -4*y - z. Is y prime?
True
Let l = -161 + 1373. Let x = l + -719. Is x prime?
False
Suppose 0 = f - 8 - 4. Let v = f + -13. Let m(u) = -294*u - 1. Is m(v) a composite number?
False
Let p(o) be the second derivative of -155*o**3/6 - 5*o. Is p(-1) a prime number?
False
Let h = 191 - -366. Is h a composite number?
False
Let u(d) be the second derivative of d**5/20 + 7*d**4/6 - 3*d**3/2 - 13*d**2/2 - d. Let y be -5 + (5 - 8) + -3. Is u(y) a prime number?
True
Let r(y) = -32*y + 7349. Is r(0) a prime number?
True
Let s(m) = m**2 - 16*m - 4. Let k be s(-8). Let h = k + 989. Is h a prime number?
False
Suppose -25397 = -5*z + 3*l, -4*z + 266 = 5*l - 20022. Is z a composite number?
False
Let f be ((-18)/4)/((-2)/4). Suppose 0 - 609 = -q. Suppose -f*d - q = -12*d. Is d composite?
True
Let v be (5 + -5)*(-2)/(-4). Suppose -5*w + 3*w + 1068 = v. Suppose -2*f + w = 4*f. Is f composite?
False
Let q(g) = g**2 + 2*g**2 + 0*g**2 + 5*g + 3 + 4*g**2. Let k be q(-3). Is (k - -5) + 6/(-2) prime?
True
Let u = 3 + 4. Suppose 2*m - u*m + 2485 = 0. Is m prime?
False
Suppose -5*v + 10 + 0 = 0. Suppose f + x = -f + 753, v*x = -2. Is f a composite number?
True
Let g be (-1)/(-1) - 29*1*-73. Suppose -t = 4*d - 0*d - 8484, -d - t = -g. Is d a prime number?
False
Let o(y) = -y - 7*y**2 - 6*y**3 + y - y + 3*y + 6. Let n be o(-5). Suppose -5*r = p + p - n, 3*p - 870 = -3*r. Is p prime?
True
Suppose 90708 = -6*u + 18*u. Is u composite?
False
Suppose 11*u + 25248 - 121091 = 0. Is u prime?
True
Let o = -11922 + 19715. Is o a composite number?
False
Suppose -3*l - 13 = -4*n + 7, -25 = -5*n - 4*l. Suppose -7*h = -n*h - 1478. Is h prime?
True
Let q = -5 + 0. Let x(l) = 9*l**2 - 3*l + 7. Let y be x(q). Suppose r - 5*i = -63 + 219, 2*r + 3*i - y = 0. Is r prime?
True
Suppose 0 = 2*x + 4*x + 744. Let g = -110 - x. Is g a composite number?
True
Suppose 5*s - 4*i + 28 - 6 = 0, 5*s = -3*i - 1. Is 7262/2 - (0 + -2) - s composite?
True
Let f = 22 - 12. Let v = 19 - f. Let q(g) = -g**2 + 11*g - 8. Is q(v) a prime number?
False
Suppose -5*q = 5*w - 74605, 2*q - 12*w - 29848 = -11*w. Is q composite?
False
Let w = 6 + 2. Let n(x) = 4*x**3 - 4*x**2 + 6*x + 2. Let o be n(2). Let m = o - w. Is m a composite number?
True
Suppose -27*m + 36*m - 5697 = 0. Is m a prime number?
False
Let u(k) = -k**2 - 11*k + 3. Let i be u(-9). Let t = -16 + i. Suppose 0 = -3*p - t*n + 211, 5*p + 23 - 416 = 2*n. Is p prime?
False
Suppose 2*m - 39 = 5*h, -4*h + 5*m = 6 + 15. Let l(t) be the first derivative of t**4/4 + 10*t**3/3 - 13*t**2/2 + 13*t - 2. Is l(h) prime?
True
Let i be 28 + -17 + (-1 - -4) + -2. Suppose 0 = i*o - 19*o + 3479. Is o a composite number?
True
Let t(m) = m**3 + m**2 + m - 2. Let l be t(0). Let h be (2 + l - 1)*9. Let s(y) = y**3 + 9*y**2 - 2*y - 8. Is s(h) composite?
True
Let a(c) = -3*c**3 - 22*c**2 - 4*c - 1. Is a(-15) a prime number?
False
Let b be (-2)/(-1)*-335 + -2. Let c be (1 + (-2 - -2))*-53. Let m = c - b. Is m prime?
True
Suppose j + 0 = -4. Let o be (-2)/j - (-72)/16. Suppose -240 = -o*m + 85. Is m a prime number?
False
Suppose -3*b = -3*s - 300 + 2790, 0 = 3*s - 2*b - 2495. Is s composite?
True
Suppose -2*k + 3*k - 1 = 0. Let a(x) = x + 3. Let h be a(k). Suppose -h*f + 3*f = -82. Is f composite?
True
Suppose -q = 1246 + 11. Let j = -108 - q. Is j a composite number?
True
Suppose -5*r - 2*l + 26139 = 0, 4*r + 3*l - 11654 = 9260. Is r composite?
False
Suppose -4*g = 13 + 3. Let t be (-1 - g) + -2 - 1. Suppose 4*q = -4*m + 486 - 30, -2*m - 10 = t. Is q composite?
True
Let a = 2181 - 550. Is a prime?
False
Let k(p) = p**3 - 4*p**2 - 2*p - 12. Let s be k(5). Let u(a) = 1315*a - 2. Is u(s) a composite number?
False
Suppose -5*r = -20*r + 3735. Is r composite?
True
Is (0 - -1)/((-58)/(-408262)) a prime number?
True
Is 1/2 - (8 - (-636776)/(-16)) composite?
False
Is 38/(-95) + 4767/5 prime?
True
Let o be 2*1*11/(-22). Let f be 0/((